{"id":435,"date":"2021-10-14T07:29:16","date_gmt":"2021-10-14T07:29:16","guid":{"rendered":"https:\/\/tecnicoenfarmaciayparafarmacia.com\/Formacion_farmacias\/?page_id=435"},"modified":"2021-11-14T22:08:05","modified_gmt":"2021-11-14T22:08:05","slug":"formacion-bonificada","status":"publish","type":"page","link":"https:\/\/tecnicoenfarmaciayparafarmacia.com\/Formacion_farmacias\/?page_id=435","title":{"rendered":"Formaci\u00f3n Bonificada"},"content":{"rendered":"\n<p><a href=\"https:\/\/tecnicoenfarmaciayparafarmacia.com\/Formacion_farmacias\/?page_id=828#\">volver atr\u00e1s<\/a><\/p>\n\n\n\n<div class=\"wp-block-media-text alignwide is-stacked-on-mobile\" style=\"grid-template-columns:26% auto\"><figure class=\"wp-block-media-text__media\"><img loading=\"lazy\" width=\"300\" height=\"200\" src=\"https:\/\/tecnicoenfarmaciayparafarmacia.com\/Formacion_farmacias\/wp-content\/uploads\/2021\/10\/logo-fundae-1.jpg\" alt=\"\" class=\"wp-image-436 size-full\" srcset=\"https:\/\/tecnicoenfarmaciayparafarmacia.com\/Formacion_farmacias\/wp-content\/uploads\/2021\/10\/logo-fundae-1.jpg 300w, https:\/\/tecnicoenfarmaciayparafarmacia.com\/Formacion_farmacias\/wp-content\/uploads\/2021\/10\/logo-fundae-1-174x116.jpg 174w\" sizes=\"(max-width: 300px) 100vw, 300px\" \/><\/figure><div class=\"wp-block-media-text__content\">\n<p class=\"has-medium-font-size\"><strong>Acci\u00f3n Formativa es Entidad Organizadora de Formaci\u00f3n Bonificada.<\/strong><\/p>\n\n\n\n<p>Entidad inscrita, con <strong>c\u00f3digo 5164<\/strong>, en el <strong>Registro de Entidades de Formaci\u00f3n<\/strong>.<\/p>\n\n\n\n<p>Nosotros nos encargamos de todos los tr\u00e1mites administrativos y la gesti\u00f3n de documentos, para que su Farmacia se centre en lo realmente importante: la formaci\u00f3n de su equipo.<\/p>\n\n\n\n<p><\/p>\n<\/div><\/div>\n\n\n\n<div style=\"height:57px\" aria-hidden=\"true\" class=\"wp-block-spacer\"><\/div>\n\n\n\n<p style=\"font-size:24px\"><strong>C\u00f3mo realizar una formaci\u00f3n Bonificada con Acci\u00f3n Formativa: <\/strong><\/p>\n\n\n\n<p style=\"font-size:24px\"><strong>Paso a Paso<\/strong><\/p>\n\n\n\n<ul style=\"font-size:18px\"><li><strong>PASO 1:<\/strong> Consultar Cr\u00e9dito Formativo \u2013 Contrato de Encomienda de la Formaci\u00f3n. Para ello nececistamos la Hoja firmada y sellada por el\/la Titular de la Farmacia (HOJA CONVENIO DE ADHESI\u00d3N).<\/li><\/ul>\n\n\n\n<p><\/p>\n\n\n\n<ul style=\"font-size:18px\"><li><strong>PASO 2: <\/strong>Una vez consultado el Cr\u00e9dito Formativo, se establece el Contenido, presupuesto y calendario del curso. Debemos tener la Hoja de Matr\u00edcula con los datos del alumno\/a.<\/li><\/ul>\n\n\n\n<p><\/p>\n\n\n\n<ul style=\"font-size:18px\"><li><strong>PASO 3:<\/strong> Comunicamos el inicio de la Formaci\u00f3n a FUNDAE y se env\u00eda la Factura del curso a la Farmacia para su pago.<\/li><\/ul>\n\n\n\n<p><\/p>\n\n\n\n<ul style=\"font-size:18px\"><li><strong>PASO 4:<\/strong> Realizar la formaci\u00f3n \u2013 cumpliendo los requisitos establecidos.<\/li><\/ul>\n\n\n\n<p><\/p>\n\n\n\n<ul style=\"font-size:18px\"><li><strong>PASO 5:<\/strong> Comunicar la finalizaci\u00f3n de la formaci\u00f3n. Enviamos la documentaci\u00f3n para entregar a su Asesor\u00eda Laboral.<\/li><\/ul>\n\n\n\n<p><\/p>\n\n\n\n<ul style=\"font-size:18px\"><li><strong>PASO 6:<\/strong> <strong>Realizar la Bonificaci\u00f3n en los seguros sociales<\/strong>.<\/li><\/ul>\n\n\n\n<p><\/p>\n","protected":false},"excerpt":{"rendered":"<p>volver atr\u00e1s Acci\u00f3n Formativa es Entidad Organizadora de Formaci\u00f3n Bonificada. Entidad inscrita, con c\u00f3digo 5164, en el Registro de Entidades de Formaci\u00f3n. Nosotros nos encargamos de todos los tr\u00e1mites administrativos y la gesti\u00f3n de documentos, para que su Farmacia se centre en lo realmente importante: la formaci\u00f3n de su equipo. C\u00f3mo realizar una formaci\u00f3n Bonificada &hellip; <\/p>\n<p class=\"link-more\"><a href=\"https:\/\/tecnicoenfarmaciayparafarmacia.com\/Formacion_farmacias\/?page_id=435\" class=\"more-link\">Leer m\u00e1s<span class=\"screen-reader-text\"> \u00abFormaci\u00f3n Bonificada\u00bb<\/span><\/a><\/p>\n","protected":false},"author":1,"featured_media":0,"parent":0,"menu_order":0,"comment_status":"closed","ping_status":"closed","template":"","meta":[],"yoast_head":"<!-- This site is optimized with the Yoast SEO plugin v18.0 - https:\/\/yoast.com\/wordpress\/plugins\/seo\/ -->\n<title>Formaci\u00f3n Bonificada - Formaci\u00f3n Icofma<\/title>\n<meta name=\"robots\" content=\"index, follow, max-snippet:-1, max-image-preview:large, max-video-preview:-1\" \/>\n<link rel=\"canonical\" href=\"https:\/\/tecnicoenfarmaciayparafarmacia.com\/Formacion_farmacias\/?page_id=435\" \/>\n<meta property=\"og:locale\" content=\"es_ES\" \/>\n<meta property=\"og:type\" content=\"article\" \/>\n<meta property=\"og:title\" content=\"Formaci\u00f3n Bonificada - Formaci\u00f3n Icofma\" \/>\n<meta property=\"og:description\" content=\"volver atr\u00e1s Acci\u00f3n Formativa es Entidad Organizadora de Formaci\u00f3n Bonificada. Entidad inscrita, con c\u00f3digo 5164, en el Registro de Entidades de Formaci\u00f3n. Nosotros nos encargamos de todos los tr\u00e1mites administrativos y la gesti\u00f3n de documentos, para que su Farmacia se centre en lo realmente importante: la formaci\u00f3n de su equipo. C\u00f3mo realizar una formaci\u00f3n Bonificada &hellip; Leer m\u00e1s \u00abFormaci\u00f3n Bonificada\u00bb\" \/>\n<meta property=\"og:url\" content=\"https:\/\/tecnicoenfarmaciayparafarmacia.com\/Formacion_farmacias\/?page_id=435\" \/>\n<meta property=\"og:site_name\" content=\"Formaci\u00f3n Icofma\" \/>\n<meta property=\"article:modified_time\" content=\"2021-11-14T22:08:05+00:00\" \/>\n<meta property=\"og:image\" content=\"https:\/\/tecnicoenfarmaciayparafarmacia.com\/Formacion_farmacias\/wp-content\/uploads\/2021\/10\/logo-fundae-1.jpg\" \/>\n<meta name=\"twitter:card\" content=\"summary_large_image\" \/>\n<meta name=\"twitter:label1\" content=\"Tiempo de lectura\" \/>\n\t<meta name=\"twitter:data1\" content=\"1 minuto\" \/>\n<script type=\"application\/ld+json\" class=\"yoast-schema-graph\">{\"@context\":\"https:\/\/schema.org\",\"@graph\":[{\"@type\":\"WebSite\",\"@id\":\"https:\/\/tecnicoenfarmaciayparafarmacia.com\/Formacion_farmacias\/#website\",\"url\":\"https:\/\/tecnicoenfarmaciayparafarmacia.com\/Formacion_farmacias\/\",\"name\":\"Formaci\u00f3n Icofma\",\"description\":\"Formaci\u00f3n por y para Farmacias\",\"potentialAction\":[{\"@type\":\"SearchAction\",\"target\":{\"@type\":\"EntryPoint\",\"urlTemplate\":\"https:\/\/tecnicoenfarmaciayparafarmacia.com\/Formacion_farmacias\/?s={search_term_string}\"},\"query-input\":\"required name=search_term_string\"}],\"inLanguage\":\"es\"},{\"@type\":\"ImageObject\",\"@id\":\"https:\/\/tecnicoenfarmaciayparafarmacia.com\/Formacion_farmacias\/?page_id=435#primaryimage\",\"inLanguage\":\"es\",\"url\":\"https:\/\/tecnicoenfarmaciayparafarmacia.com\/Formacion_farmacias\/wp-content\/uploads\/2021\/10\/logo-fundae-1.jpg\",\"contentUrl\":\"https:\/\/tecnicoenfarmaciayparafarmacia.com\/Formacion_farmacias\/wp-content\/uploads\/2021\/10\/logo-fundae-1.jpg\",\"width\":300,\"height\":200},{\"@type\":\"WebPage\",\"@id\":\"https:\/\/tecnicoenfarmaciayparafarmacia.com\/Formacion_farmacias\/?page_id=435#webpage\",\"url\":\"https:\/\/tecnicoenfarmaciayparafarmacia.com\/Formacion_farmacias\/?page_id=435\",\"name\":\"Formaci\u00f3n Bonificada - Formaci\u00f3n Icofma\",\"isPartOf\":{\"@id\":\"https:\/\/tecnicoenfarmaciayparafarmacia.com\/Formacion_farmacias\/#website\"},\"primaryImageOfPage\":{\"@id\":\"https:\/\/tecnicoenfarmaciayparafarmacia.com\/Formacion_farmacias\/?page_id=435#primaryimage\"},\"datePublished\":\"2021-10-14T07:29:16+00:00\",\"dateModified\":\"2021-11-14T22:08:05+00:00\",\"breadcrumb\":{\"@id\":\"https:\/\/tecnicoenfarmaciayparafarmacia.com\/Formacion_farmacias\/?page_id=435#breadcrumb\"},\"inLanguage\":\"es\",\"potentialAction\":[{\"@type\":\"ReadAction\",\"target\":[\"https:\/\/tecnicoenfarmaciayparafarmacia.com\/Formacion_farmacias\/?page_id=435\"]}]},{\"@type\":\"BreadcrumbList\",\"@id\":\"https:\/\/tecnicoenfarmaciayparafarmacia.com\/Formacion_farmacias\/?page_id=435#breadcrumb\",\"itemListElement\":[{\"@type\":\"ListItem\",\"position\":1,\"name\":\"Home\",\"item\":\"https:\/\/tecnicoenfarmaciayparafarmacia.com\/Formacion_farmacias\/\"},{\"@type\":\"ListItem\",\"position\":2,\"name\":\"Formaci\u00f3n Bonificada\"}]}]}<\/script>\n<!-- \/ Yoast SEO plugin. -->","yoast_head_json":{"title":"Formaci\u00f3n Bonificada - Formaci\u00f3n Icofma","robots":{"index":"index","follow":"follow","max-snippet":"max-snippet:-1","max-image-preview":"max-image-preview:large","max-video-preview":"max-video-preview:-1"},"canonical":"https:\/\/tecnicoenfarmaciayparafarmacia.com\/Formacion_farmacias\/?page_id=435","og_locale":"es_ES","og_type":"article","og_title":"Formaci\u00f3n Bonificada - Formaci\u00f3n Icofma","og_description":"volver atr\u00e1s Acci\u00f3n Formativa es Entidad Organizadora de Formaci\u00f3n Bonificada. Entidad inscrita, con c\u00f3digo 5164, en el Registro de Entidades de Formaci\u00f3n. Nosotros nos encargamos de todos los tr\u00e1mites administrativos y la gesti\u00f3n de documentos, para que su Farmacia se centre en lo realmente importante: la formaci\u00f3n de su equipo. C\u00f3mo realizar una formaci\u00f3n Bonificada &hellip; Leer m\u00e1s \u00abFormaci\u00f3n Bonificada\u00bb","og_url":"https:\/\/tecnicoenfarmaciayparafarmacia.com\/Formacion_farmacias\/?page_id=435","og_site_name":"Formaci\u00f3n Icofma","article_modified_time":"2021-11-14T22:08:05+00:00","og_image":[{"url":"https:\/\/tecnicoenfarmaciayparafarmacia.com\/Formacion_farmacias\/wp-content\/uploads\/2021\/10\/logo-fundae-1.jpg"}],"twitter_card":"summary_large_image","twitter_misc":{"Tiempo de lectura":"1 minuto"},"schema":{"@context":"https:\/\/schema.org","@graph":[{"@type":"WebSite","@id":"https:\/\/tecnicoenfarmaciayparafarmacia.com\/Formacion_farmacias\/#website","url":"https:\/\/tecnicoenfarmaciayparafarmacia.com\/Formacion_farmacias\/","name":"Formaci\u00f3n Icofma","description":"Formaci\u00f3n por y para Farmacias","potentialAction":[{"@type":"SearchAction","target":{"@type":"EntryPoint","urlTemplate":"https:\/\/tecnicoenfarmaciayparafarmacia.com\/Formacion_farmacias\/?s={search_term_string}"},"query-input":"required name=search_term_string"}],"inLanguage":"es"},{"@type":"ImageObject","@id":"https:\/\/tecnicoenfarmaciayparafarmacia.com\/Formacion_farmacias\/?page_id=435#primaryimage","inLanguage":"es","url":"https:\/\/tecnicoenfarmaciayparafarmacia.com\/Formacion_farmacias\/wp-content\/uploads\/2021\/10\/logo-fundae-1.jpg","contentUrl":"https:\/\/tecnicoenfarmaciayparafarmacia.com\/Formacion_farmacias\/wp-content\/uploads\/2021\/10\/logo-fundae-1.jpg","width":300,"height":200},{"@type":"WebPage","@id":"https:\/\/tecnicoenfarmaciayparafarmacia.com\/Formacion_farmacias\/?page_id=435#webpage","url":"https:\/\/tecnicoenfarmaciayparafarmacia.com\/Formacion_farmacias\/?page_id=435","name":"Formaci\u00f3n Bonificada - Formaci\u00f3n Icofma","isPartOf":{"@id":"https:\/\/tecnicoenfarmaciayparafarmacia.com\/Formacion_farmacias\/#website"},"primaryImageOfPage":{"@id":"https:\/\/tecnicoenfarmaciayparafarmacia.com\/Formacion_farmacias\/?page_id=435#primaryimage"},"datePublished":"2021-10-14T07:29:16+00:00","dateModified":"2021-11-14T22:08:05+00:00","breadcrumb":{"@id":"https:\/\/tecnicoenfarmaciayparafarmacia.com\/Formacion_farmacias\/?page_id=435#breadcrumb"},"inLanguage":"es","potentialAction":[{"@type":"ReadAction","target":["https:\/\/tecnicoenfarmaciayparafarmacia.com\/Formacion_farmacias\/?page_id=435"]}]},{"@type":"BreadcrumbList","@id":"https:\/\/tecnicoenfarmaciayparafarmacia.com\/Formacion_farmacias\/?page_id=435#breadcrumb","itemListElement":[{"@type":"ListItem","position":1,"name":"Home","item":"https:\/\/tecnicoenfarmaciayparafarmacia.com\/Formacion_farmacias\/"},{"@type":"ListItem","position":2,"name":"Formaci\u00f3n Bonificada"}]}]}},"_links":{"self":[{"href":"https:\/\/tecnicoenfarmaciayparafarmacia.com\/Formacion_farmacias\/index.php?rest_route=\/wp\/v2\/pages\/435"}],"collection":[{"href":"https:\/\/tecnicoenfarmaciayparafarmacia.com\/Formacion_farmacias\/index.php?rest_route=\/wp\/v2\/pages"}],"about":[{"href":"https:\/\/tecnicoenfarmaciayparafarmacia.com\/Formacion_farmacias\/index.php?rest_route=\/wp\/v2\/types\/page"}],"author":[{"embeddable":true,"href":"https:\/\/tecnicoenfarmaciayparafarmacia.com\/Formacion_farmacias\/index.php?rest_route=\/wp\/v2\/users\/1"}],"replies":[{"embeddable":true,"href":"https:\/\/tecnicoenfarmaciayparafarmacia.com\/Formacion_farmacias\/index.php?rest_route=%2Fwp%2Fv2%2Fcomments&post=435"}],"version-history":[{"count":9,"href":"https:\/\/tecnicoenfarmaciayparafarmacia.com\/Formacion_farmacias\/index.php?rest_route=\/wp\/v2\/pages\/435\/revisions"}],"predecessor-version":[{"id":887,"href":"https:\/\/tecnicoenfarmaciayparafarmacia.com\/Formacion_farmacias\/index.php?rest_route=\/wp\/v2\/pages\/435\/revisions\/887"}],"wp:attachment":[{"href":"https:\/\/tecnicoenfarmaciayparafarmacia.com\/Formacion_farmacias\/index.php?rest_route=%2Fwp%2Fv2%2Fmedia&parent=435"}],"curies":[{"name":"wp","href":"https:\/\/api.w.org\/{rel}","templated":true}]}}